ided by 475?
4
Calculate the remainder when 9836862 is divided by 9836825.
37
Calculate the remainder when 2125974 is divided by 132871.
38
Calculate the remainder when 104328710 is divided by 51.
50
What is the remainder when 10008757 is divided by 43?
34
Calculate the remainder when 119095028 is divided by 99.
8
Calculate the remainder when 6951087 is divided by 2843.
2795
What is the remainder when 93806 is divided by 173?
40
Calculate the remainder when 1734579 is divided by 1734555.
24
What is the remainder when 34901736 is divided by 6708?
12
What is the remainder when 17656313 is divided by 1824?
1817
What is the remainder when 1762331 is divided by 26?
25
What is the remainder when 6887921 is divided by 5266?
5259
What is the remainder when 3140336 is divided by 1570156?
24
What is the remainder when 13199394 is divided by 105595?
19
What is the remainder when 5153621 is divided by 1717804?
209
What is the remainder when 32222529 is divided by 180?
9
What is the remainder when 150589 is divided by 18529?
2357
Calculate the remainder when 100807 is divided by 3511.
2499
Calculate the remainder when 2526418 is divided by 841332.
2422
What is the remainder when 5302 is divided by 530?
2
What is the remainder when 587808 is divided by 146799?
612
Calculate the remainder when 3965558 is divided by 3563.
3502
Calculate the remainder when 149841 is divided by 149649.
192
What is the remainder when 22323818 is divided by 21?
20
Calculate the remainder when 7482951 is divided by 34967.
13
What is the remainder when 17467 is divided by 1114?
757
What is the remainder when 2349500 is divided by 508?
0
What is the remainder when 934546 is divided by 1114?
1014
What is the remainder when 1893008 is divided by 78?
26
What is the remainder when 598951 is divided by 5649?
157
Calculate the remainder when 7017465 is divided by 4632.
4617
What is the remainder when 285539 is divided by 95013?
500
Calculate the remainder when 10995196 is divided by 289347.
10
Calculate the remainder when 201365 is divided by 2798.
2707
Calculate the remainder when 57580677 is divided by 9596778.
9
Calculate the remainder when 122116 is divided by 10161.
184
What is the remainder when 13731321 is divided by 99?
21
What is the remainder when 1754152 is divided by 24027?
181
Calculate the remainder when 1079407 is divided by 402.
37
What is the remainder when 16379643 is divided by 85?
58
Calculate the remainder when 124011 is divided by 122708.
1303
What is the remainder when 2045892 is divided by 424?
92
What is the remainder when 17434703 is divided by 3319?
3315
Calculate the remainder when 570560 is divided by 522.
14
What is the remainder when 359441844 is divided by 19?
15
Calculate the remainder when 5652804 is divided by 416.
196
What is the remainder when 3445655 is divided by 1047?
1025
What is the remainder when 1139190 is divided by 102?
54
Calculate the remainder when 4199524 is divided by 11.
10
Calculate the remainder when 202497431 is divided by 94.
93
What is the remainder when 134142 is divided by 33509?
106
What is the remainder when 26685 is divided by 1707?
1080
What is the remainder when 46315 is divided by 2760?
2155
What is the remainder when 912614 is divided by 390?
14
Calculate the remainder when 145944 is divided by 2897.
1094
Calculate the remainder when 113140408 is divided by 30.
28
Calculate the remainder when 112826 is divided by 150.
26
Calculate the remainder when 4986772 is divided by 92.
4
What is the remainder when 171764758 is divided by 2393?
4
Calculate the remainder when 69450 is divided by 399.
24
What is the remainder when 12599 is divided by 12187?
412
What is the remainder when 4682979 is divided by 19594?
13
Calculate the remainder when 447487837 is divided by 34422141.
4
Calculate the remainder when 139133 is divided by 4527.
3323
What is the remainder when 877403 is divided by 26560?
923
What is the remainder when 252603 is divided by 10286?
5739
Calculate the remainder when 1709072 is divided by 2552.
1784
What is the remainder when 43764863 is divided by 81?
77
What is the remainder when 8970678 is divided by 14?
10
Calculate the remainder when 36594909 is divided by 2915.
2914
Calculate the remainder when 67592 is divided by 22514.
50
What is the remainder when 9390064 is divided by 28030?
14
Calculate the remainder when 3264669 is divided by 153.
108
Calculate the remainder when 12547934 is divided by 389.
350
What is the remainder when 7816306 is divided by 2605431?
13
What is the remainder when 4558070 is divided by 34?
30
What is the remainder when 271729605 is divided by 3986?
3985
What is the remainder when 252106541 is divided by 9592?
5
Calculate the remainder when 14294551 is divided by 1321.
10
Calculate the remainder when 226107557 is divided by 130.
117
Calculate the remainder when 9971073 is divided by 15223.
8
What is the remainder when 506147637 is divided by 37?
32
Calculate the remainder when 4266285 is divided by 1908.
1905
What is the remainder when 5022349 is divided by 2307?
10
What is the remainder when 9534202 is divided by 155?
152
What is the remainder when 206188588 is divided by 557?
556
What is the remainder when 1386196 is divided by 453?
16
Calculate the remainder when 979369 is divided by 489618.
133
What is the remainder when 1494689 is divided by 71?
68
What is the remainder when 595498 is divided by 11674?
124
What is the remainder when 733505 is divided by 346?
331
Calculate the remainder when 268077 is divided by 375.
327
Calculate the remainder when 16024079 is divided by 947.
839
What is the remainder when 8823494 is divided by 3823?
10
Calculate the remainder when 13624460 is divided by 161.
157
Calculate the remainder when 422436 is divided by 2645.
1881
What is the remainder when 16033885 is divided by 193178?
111
What is the remainder when 125686913 is divided by 3985?
13
Calculate the remainder when 213671595 is divided by 1573.
1567
What is the remainder when 538673 is divided by 410?
343
Calculate the remainder when 1226422 is divided by 822.
820
Calculate the remainder when 1033971 is divided by 93990.
81
Calculate the remainder when 10924 is divided by 2138.
234
What is the remainder when 9519418 is divided by 2028?
2014
What is the remainder when 61163 is divided by 8329?
2860
Calculate the remainder when 159556048 is divided by 90.
88
Calculate the remainder when 42830749 is divided by 4750.
4749
What is the remainder when 156761 is divided by 2496?
2009
Calculate the remainder when 27355589 is divided by 48.
5
What is the remainder when 5128667 is divided by 12?
11
What is the remainder when 1077961 is divided by 93?
91
What is the remainder when 261974 is divided by 1627?
27
Calculate the remainder when 301828 is divided by 10349.
1707
Calculate the remainder when 41804696 is divided by 325.
271
What is the remainder when 213036 is divided by 35480?
156
Calculate the remainder when 14814128 is divided by 142443.
56
What is the remainder when 105626686 is divided by 11736297?
13
What is the remainder when 8249837 is divided by 1649955?
62
Calculate the remainder when 24209193 is divided by 77.
8
What is the remainder when 22725780 is divided by 22725748?
32
What is the remainder when 1073641 is divided by 89469?
13
Calculate the remainder when 1699 is divided by 1024.
675
What is the remainder when 25393461 is divided by 774?
69
Calculate the remainder when 10277011 is divided by 2569220.
131
Calculate the remainder when 11498178 is divided by 2925.
3
Calculate the remainder when 185255 is divided by 31.
30
What is the remainder when 5934875 is divided by 988?
947
Calculate the remainder when 191718 is divided by 795.
123
Calculate the remainder when 4865620 is divided by 12872.
4
Calculate the remainder when 1519785 is divided by 165.
135
Calculate the remainder when 219791 is divided by 70125.
9416
What is the remainder when 95464 is divided by 15858?
316
Calculate the remainder when 19012535 is divided by 1300.
35
What is the remainder when 3732989 is divided by 368?
365
Calculate the remainder when 371676 is divided by 4268.
360
Calculate the remainder when 14455711 is divided by 283445.
16
Calculate the remainder when 58295 is divided by 423.
344
Calculate the re